+ 6655 = -h + 5*q, r*q + 20 = 0. Is (-3 + 4)*h/3 a composite number?
True
Let y(g) = -g**2 + 18*g + 42. Let s be y(20). Let c be s*(5 + (-7 - -3)). Suppose 2*b - q = 439, 2*q = -c*b - q + 451. Is b a composite number?
True
Suppose -40*t + 40 = -60*t. Is (t*1)/((-74)/24901) prime?
True
Let m(d) = 233640*d**2 + 7*d - 8. Is m(1) prime?
False
Suppose 55*s = 54*s - 2*u + 24131, 10 = 2*u. Is s a prime number?
True
Suppose 2808 = 4*a - h - 6756, 5*a - 2*h - 11955 = 0. Let m be 1/6 + 8274/36. Let g = a - m. Is g composite?
False
Let w(b) = 2*b**3 + 61*b**2 - b - 9. Let m be (1 + (-21)/(-6))/(3/(-20)). Is w(m) prime?
False
Suppose 0*o - 14 = -3*f + o, 3*f - 4*o - 11 = 0. Is 381*4/f + (-31)/(-155) a composite number?
True
Let p be 1/2 + (-45270)/(-20). Let w = -1045 + p. Is w prime?
False
Suppose 3653886 - 30981884 = -30*t - 4056668. Is t prime?
True
Is (0 - -6 - (-1172607 + -132)) + 2 a composite number?
True
Let q(y) = 770*y + 1068755. Is q(0) a composite number?
True
Let u(p) = 355*p + 3637. Is u(28) composite?
False
Let m(r) = r**2 + 2*r + 541. Let g(o) = -2*o - 4. Let s be g(-1). Let d be (4 - 5) + -1 + s/(-1). Is m(d) a composite number?
False
Let s(o) = -2*o**3 + 160*o**2 + 117*o - 144. Is s(67) a prime number?
False
Suppose -347*n + 341*n = -2033664. Suppose n = 9*o + 31693. Is o prime?
False
Let k(o) = o**3 - 3*o**2 - 3*o + 6. Let c(u) = 24*u**2 - 4*u - 3. Let x be c(-2). Let h = -88 + x. Is k(h) composite?
False
Let f = 86 + -89. Is 410 - f/2*12/(-18) composite?
False
Let m = 5 + -1. Suppose 21*w - 62*w + 10304 = -33*w. Suppose -6288 = -4*v + m*a, 0 = -2*v - 2*a + w + 1836. Is v composite?
False
Suppose -5*k + 8 + 12 = 0. Suppose -5*z = j + k*j - 12590, 0 = -4*z. Suppose -r + 6*f = 4*f - 1259, 0 = -2*r - 5*f + j. Is r composite?
False
Is 7410832/220 + (2/3)/(5/3) a prime number?
False
Let a(o) = 2*o**3 - 7*o**2 + 4*o + 6. Let y be a(2). Suppose -c + y*l + 5227 + 15260 = 0, 5*c - 102441 = 4*l. Is c a prime number?
False
Suppose 26*s - 760 = 21*s. Let f = 645 - s. Is f composite?
True
Suppose -11*v + 12 + 21 = 0. Suppose -3*n = -v*j + 528, -126 = 2*j + 2*n - 490. Is j a composite number?
False
Suppose 0 = -z - d - 405, 3*z = -d - 3*d - 1215. Let v be (1/(-3))/(9/z). Is 4979/5 + -2 + (-12)/v composite?
True
Let v(g) = g**3 - 15*g**2 - 12*g - 85. Let x be v(16). Is (0 + -5 + (-112)/x)*13119 prime?
True
Suppose -a = y - 125863, 5*y + 76982 + 48905 = a. Is a a composite number?
True
Let c = 78 + -279. Let o = 2704 + c. Is o composite?
False
Suppose 72*l - 34*l = 34*l + 117916. Is l a composite number?
True
Let j be (0 - 0)*(-2 - -3)*1. Suppose -a + 3 = 0, 4*r + j*a - 2167 = -a. Is r prime?
True
Let c(r) = 7*r**2 + 11*r - 49. Suppose -3*g + 5 = -k - 16, 2*k = 5*g - 34. Is c(g) a prime number?
True
Let r(g) = -3*g**3 - 56*g**2 + 118*g - 70. Is r(-27) a prime number?
True
Suppose 0 = -3*j + 18 - 21, -3*w - j = -741050. Is w composite?
True
Let i = 642 - 1306. Let o = 16681 - i. Is o a composite number?
True
Let u(j) be the third derivative of 37*j**4/12 - 7*j**3/6 + 8*j**2. Let w be u(2). Let z = 662 - w. Is z composite?
False
Let l = -507 - -547. Suppose -14*f + 1085454 = l*f. Is f composite?
False
Let t(o) = 14*o - 90. Let w be t(6). Is (-8)/w*3153 + -3 a composite number?
False
Suppose -6 = -2*g, -2*w + 4151 = -4*g - 1561. Suppose 3*r = -2*s - w + 21209, -s - 18362 = -3*r. Is r prime?
False
Let x be 24*((-1079)/(-2) - 15/(-20)). Is ((-100)/40)/((-3)/x) a prime number?
False
Let m be ((-8)/6)/(((-56)/6)/14). Suppose -m*a + 8 = 0, -2*k + 4*a + 14046 = -a. Is k a prime number?
False
Suppose -c + 3*n = 4*c - 36, 0 = -c + 5*n + 16. Let b be (-4)/(-10) - 2322778/(-530). Is b/c*(-12)/(-18) a composite number?
False
Suppose 14317 + 4779 = 7*w. Let k be w/(-13) - (-12)/(-78). Is 0 + 0 - (6/(-6) + k) composite?
False
Let x = 25220 + -16363. Is x a composite number?
True
Suppose 13561550 = -0*p + 50*p. Is p a prime number?
True
Suppose 972*n = 1053*n - 22092507. Is n a composite number?
True
Let y = 889007 + -396744. Is y prime?
False
Suppose l = -0*w + 4*w - 36, w + 3*l = 22. Is (8410/(-15))/(w/(-15)) composite?
True
Let d(s) = 3*s. Let j be d(0). Suppose j = -21*v + 18*v - 1863. Let b = 860 - v. Is b composite?
False
Is 26*(-21)/(-273)*864883/2 composite?
False
Let h(i) = -678*i + 4181. Is h(-84) composite?
True
Is ((-2294725)/(-380))/(1/4) a composite number?
True
Let r = 1799 - 1462. Let l be 2/(-6) + 25/3. Suppose 8455 + r = l*q. Is q composite?
True
Suppose 18*a - 20064 = 41982. Let f = a + 346. Is f a composite number?
False
Let m(s) = -5*s**2 - 32*s - 9. Let j be m(-6). Suppose -13680 = -z - 5*a, 0*a - 27395 = -2*z - j*a. Is z a prime number?
False
Let h(r) be the first derivative of -2*r - 565/2*r**2 + 25. Is h(-1) a prime number?
True
Let q(d) = -5 - 6 - 6 + 14*d + 484*d**2 + 4. Is q(3) a prime number?
False
Suppose -4*z + 14364 = 3*n - z, -4788 = -n - 2*z. Is n/15 + (-8)/40 composite?
True
Let j be 11 + -11 + 9*7. Let k = 65 - j. Suppose -p - k*p = -2103. Is p a prime number?
True
Suppose 35*m + 3*z = 38*m - 815763, -2*z = -4. Is m a composite number?
True
Suppose 5455 + 31325 = 12*y. Let u = 5356 - y. Is u a prime number?
False
Suppose -5*f + 0*m + 34 = 2*m, 5*f - m = 43. Suppose -2*j + f*j - 1590 = 0. Is j composite?
True
Let t(w) = 66*w**3 - w**2 - 27*w - 37. Is t(11) composite?
True
Suppose -4*n = -3*r - 2*n + 6, -5*n + 10 = 5*r. Suppose r*h = 3*h - 2*m - 17513, -35034 = -2*h + 2*m. Is h prime?
False
Let t = 656909 + -387015. Is t a prime number?
False
Let m = 1270004 + -871525. Is m composite?
True
Suppose -109*f = -289*f + 4950540. Is f prime?
False
Suppose -2*f + 2*z + 9 + 7 = 0, 3*z + 36 = 4*f. Let o(k) = 172*k**2 - 46*k + 23. Is o(f) prime?
True
Suppose 0 = 2*k - 515 - 3377. Let z = 2906 - k. Suppose 5*x + 5*h = z, 5*h + 377 = -0*x + 2*x. Is x a composite number?
False
Let j(h) be the first derivative of -h**4/4 + 7*h**3 + 10*h**2 + 46*h + 9. Let w be j(19). Let v = w - 295. Is v a composite number?
False
Suppose -331874952 = -358*z + 171*z - 221*z. Is z prime?
True
Suppose 3*u + 3*c = 42, -2*c - c - 21 = -4*u. Suppose 3754 = -u*f + 13249. Suppose -f = q - 6*q. Is q composite?
False
Let u(g) = -g**2 + 8*g**3 + 154*g - 74*g + 7 - 77*g. Is u(6) a prime number?
False
Suppose -2*s + 38656 = 4*l, 4*l - 11*s + 14*s - 38662 = 0. Is l a composite number?
False
Let p(x) = x - 3. Let t be p(6). Let a(q) = -23*q + 119. Let h be a(-15). Let c = h + t. Is c prime?
True
Let x(j) = 5968*j**2 - 71*j + 1. Is x(18) composite?
True
Let c = -2 + 5. Let l(w) be the first derivative of 35*w**4/4 + w**3 + w**2 + 7*w + 208. Is l(c) a composite number?
True
Let a(z) = -8918*z**3 - 9*z**2 - 10*z - 2. Let s be a(-1). Is (-1)/(-14*637/s - -1) a composite number?
True
Let f = -7320 + 13854. Let l = 5435 + f. Is l composite?
False
Is (1 - -1)/((-1972065)/(-197205) - 10) composite?
True
Suppose 433*b = -108*b + 110827637. Is b a composite number?
False
Let a be (12/(-16))/(3342/1672 + -2). Suppose -10 + 0 = 5*v, -x + a = -2*v. Is x prime?
False
Let q be -2 - -2 - (3 - 15). Suppose 0 = 8*a - q*a + 16. Suppose -a*m + v = -1631, -6*v + v = -5*m + 2050. Is m composite?
True
Suppose -2*q = 2*o - 27664, -4*o = 5*q - 10*q - 55337. Suppose 57*k - 66*k = -o. Is k composite?
True
Let s(k) be the second derivative of -k + 0 - 2*k**2 + 5/4*k**4 + k**3. Is s(3) a prime number?
True
Let g(f) = 4*f + 29. Let l be g(7). Let x = l - 55. Is 2/x*(2371 - -18) composite?
False
Suppose 5827 = 22*b - 734187. Suppose -6351 = 14*w - b. Is w a prime number?
True
Let k be 276*21 - (-10 + (5 - -6)). Suppose 5*y = 10 + 125. Suppose y*w + k = 32*w. Is w composite?
True
Let o = -359753 - -525664. Is o prime?
False
Let y be 4*3093/2*2/(-12). Let w = -232 - y. Is w prime?
False
Let x be (((-228)/8)/(-3))/(5/(-10)). Let u = 19 + x. Suppose u = 3*h - c - 3293, -3295 = h - 4*h + 2*c. Is h a composite number?
False
Let l(q) = -q**2 - 17*q + 34. Let w be l(-16). Suppose -w*r + 57*r = 141211. Is r a composite number?
False
Suppose 6*x + 26517 = -2*k + 7*x, 0 = 2*k + 5*x + 26535. Let i = -7621 - k. Is i a prime number?
True
Let w(i) = -i**2 - 17. Let l be w(0). Let m(a) = -2*a**3 - 11*a**2 - 34*a - 6. Is m(l) composite?
False
Let c(z) = 146*z**2 + 4*z - 3. Let d be c(2). Let t = -7321 + 8801. Suppose 5*q 